{"id":74,"date":"2016-12-06T14:47:37","date_gmt":"2016-12-06T14:47:37","guid":{"rendered":"http:\/\/simbiosystemas-001-site6.gtempurl.com\/?page_id=74"},"modified":"2016-12-06T14:47:37","modified_gmt":"2016-12-06T14:47:37","slug":"sz-rr","status":"publish","type":"page","link":"http:\/\/caldasmotos.com\/index.php\/sz-rr\/","title":{"rendered":"SZ-RR"},"content":{"rendered":"<h1>SZ-RR<\/h1>\n<h4>La nueva SZ-RR llega con un nuevo concepto de desarrollo. Su motor cuenta con la tecnolog\u00eda Blue Core que le permite tener mayor eficiencia de combustible y una relaci\u00f3n amigable con el medio ambiente.<\/h4>\n<h4>Con la nueva tecnolog\u00eda en motores Yamaha, mejor eficiencia de combustible, nuevo dise\u00f1o de tablero y los comandos del manubrio caracter\u00edsticos de otros modelos como la FZ, la SZ-RR se convierte en un modelo completo que satisface todas tus necesidades.<\/h4>\n<p><img loading=\"lazy\" class=\"aligncenter\" src=\"http:\/\/www.incolmotos-yamaha.com.co\/site\/portals\/0\/Images\/Product%20ID\/beneficios.png\" alt=\"\" width=\"838\" height=\"501\" \/><\/p>\n<p>&nbsp;<\/p>\n<h1>Pasi\u00f3n por los detalles<\/h1>\n<ul>\n<li>\n<h4>Nombre: SZ-RR<\/h4>\n<\/li>\n<li>\n<h4>Cilindraje: 149cm3<\/h4>\n<\/li>\n<li>\n<h4>Peso (Con aceite y tanque de gasolina lleno): 133kg<\/h4>\n<\/li>\n<li>\n<h4>Tipo de motor: 4 Tiempos SOHC, refrigerado por aire<\/h4>\n<\/li>\n<li>\n<h4>Arranque: El\u00e9ctrico y a pedal<\/h4>\n<\/li>\n<li>\n<h4>Encendido: CDI<\/h4>\n<\/li>\n<li>\n<h4>Ruedas delantera &#8211; trasera: 2.75-17 41P &#8211; 100\/90-17M\/C 55P<\/h4>\n<\/li>\n<li>\n<h4>Freno delantero &#8211; trasero: Disco- Tambor<\/h4>\n<\/li>\n<\/ul>\n","protected":false},"excerpt":{"rendered":"<p>SZ-RR La nueva SZ-RR llega con un nuevo concepto de desarrollo. Su motor cuenta con la tecnolog\u00eda Blue Core que le permite tener mayor eficiencia de combustible y una relaci\u00f3n amigable con el medio ambiente. Con la nueva tecnolog\u00eda en motores Yamaha, mejor eficiencia de combustible, nuevo dise\u00f1o de tablero y los comandos del manubrio <a href=\"http:\/\/caldasmotos.com\/index.php\/sz-rr\/\" rel=\"nofollow\"><span class=\"sr-only\">Read more about SZ-RR<\/span>[&#8230;]<\/a><\/p>\n","protected":false},"author":1,"featured_media":0,"parent":0,"menu_order":0,"comment_status":"closed","ping_status":"closed","template":"","meta":{"_monsterinsights_skip_tracking":false,"_monsterinsights_sitenote_active":false,"_monsterinsights_sitenote_note":"","_monsterinsights_sitenote_category":0},"aioseo_notices":[],"yoast_head":"<!-- This site is optimized with the Yoast SEO plugin v18.4.1 - https:\/\/yoast.com\/wordpress\/plugins\/seo\/ -->\r\n<title>SZ-RR - CALDAS MOTOS<\/title>\r\n<meta name=\"description\" content=\"Caldas motos, yamaha manizales, manizales yamaha, yamaha, caldas yamaha\" \/>\r\n<meta name=\"robots\" content=\"index, follow, max-snippet:-1, max-image-preview:large, max-video-preview:-1\" \/>\r\n<link rel=\"canonical\" href=\"https:\/\/caldasmotos.com\/index.php\/sz-rr\/\" \/>\r\n<meta property=\"og:locale\" content=\"es_ES\" \/>\r\n<meta property=\"og:type\" content=\"article\" \/>\r\n<meta property=\"og:title\" content=\"SZ-RR - CALDAS MOTOS\" \/>\r\n<meta property=\"og:description\" content=\"Caldas motos, yamaha manizales, manizales yamaha, yamaha, caldas yamaha\" \/>\r\n<meta property=\"og:url\" content=\"https:\/\/caldasmotos.com\/index.php\/sz-rr\/\" \/>\r\n<meta property=\"og:site_name\" content=\"CALDAS MOTOS\" \/>\r\n<meta property=\"og:image\" content=\"http:\/\/www.incolmotos-yamaha.com.co\/site\/portals\/0\/Images\/Product%20ID\/beneficios.png\" \/>\r\n<meta name=\"twitter:card\" content=\"summary\" \/>\r\n<meta name=\"twitter:label1\" content=\"Tiempo estimado de lectura\" \/>\n\t<meta name=\"twitter:data1\" content=\"1 minuto\" \/>\r\n<script type=\"application\/ld+json\" class=\"yoast-schema-graph\">{\"@context\":\"https:\/\/schema.org\",\"@graph\":[{\"@type\":\"Organization\",\"@id\":\"http:\/\/caldasmotos.com\/#organization\",\"name\":\"distrimotosyamaha\",\"url\":\"http:\/\/caldasmotos.com\/\",\"sameAs\":[],\"logo\":{\"@type\":\"ImageObject\",\"@id\":\"http:\/\/caldasmotos.com\/#logo\",\"inLanguage\":\"es-CO\",\"url\":\"http:\/\/caldasmotos.com\/wp-content\/uploads\/2019\/10\/5-1.png\",\"contentUrl\":\"http:\/\/caldasmotos.com\/wp-content\/uploads\/2019\/10\/5-1.png\",\"width\":1924,\"height\":398,\"caption\":\"distrimotosyamaha\"},\"image\":{\"@id\":\"http:\/\/caldasmotos.com\/#logo\"}},{\"@type\":\"WebSite\",\"@id\":\"http:\/\/caldasmotos.com\/#website\",\"url\":\"http:\/\/caldasmotos.com\/\",\"name\":\"CALDAS MOTOS\",\"description\":\"Caldas motos, yamaha manizales, manizales yamaha, yamaha, caldas yamaha\",\"publisher\":{\"@id\":\"http:\/\/caldasmotos.com\/#organization\"},\"potentialAction\":[{\"@type\":\"SearchAction\",\"target\":{\"@type\":\"EntryPoint\",\"urlTemplate\":\"http:\/\/caldasmotos.com\/?s={search_term_string}\"},\"query-input\":\"required name=search_term_string\"}],\"inLanguage\":\"es-CO\"},{\"@type\":\"ImageObject\",\"@id\":\"https:\/\/caldasmotos.com\/index.php\/sz-rr\/#primaryimage\",\"inLanguage\":\"es-CO\",\"url\":\"http:\/\/www.incolmotos-yamaha.com.co\/site\/portals\/0\/Images\/Product%20ID\/beneficios.png\",\"contentUrl\":\"http:\/\/www.incolmotos-yamaha.com.co\/site\/portals\/0\/Images\/Product%20ID\/beneficios.png\"},{\"@type\":\"WebPage\",\"@id\":\"https:\/\/caldasmotos.com\/index.php\/sz-rr\/#webpage\",\"url\":\"https:\/\/caldasmotos.com\/index.php\/sz-rr\/\",\"name\":\"SZ-RR - CALDAS MOTOS\",\"isPartOf\":{\"@id\":\"http:\/\/caldasmotos.com\/#website\"},\"primaryImageOfPage\":{\"@id\":\"https:\/\/caldasmotos.com\/index.php\/sz-rr\/#primaryimage\"},\"datePublished\":\"2016-12-06T14:47:37+00:00\",\"dateModified\":\"2016-12-06T14:47:37+00:00\",\"description\":\"Caldas motos, yamaha manizales, manizales yamaha, yamaha, caldas yamaha\",\"breadcrumb\":{\"@id\":\"https:\/\/caldasmotos.com\/index.php\/sz-rr\/#breadcrumb\"},\"inLanguage\":\"es-CO\",\"potentialAction\":[{\"@type\":\"ReadAction\",\"target\":[\"https:\/\/caldasmotos.com\/index.php\/sz-rr\/\"]}]},{\"@type\":\"BreadcrumbList\",\"@id\":\"https:\/\/caldasmotos.com\/index.php\/sz-rr\/#breadcrumb\",\"itemListElement\":[{\"@type\":\"ListItem\",\"position\":1,\"name\":\"Home\",\"item\":\"http:\/\/caldasmotos.com\/\"},{\"@type\":\"ListItem\",\"position\":2,\"name\":\"SZ-RR\"}]}]}<\/script>\r\n<!-- \/ Yoast SEO plugin. -->","yoast_head_json":{"title":"SZ-RR - CALDAS MOTOS","description":"Caldas motos, yamaha manizales, manizales yamaha, yamaha, caldas yamaha","robots":{"index":"index","follow":"follow","max-snippet":"max-snippet:-1","max-image-preview":"max-image-preview:large","max-video-preview":"max-video-preview:-1"},"canonical":"https:\/\/caldasmotos.com\/index.php\/sz-rr\/","og_locale":"es_ES","og_type":"article","og_title":"SZ-RR - CALDAS MOTOS","og_description":"Caldas motos, yamaha manizales, manizales yamaha, yamaha, caldas yamaha","og_url":"https:\/\/caldasmotos.com\/index.php\/sz-rr\/","og_site_name":"CALDAS MOTOS","og_image":[{"url":"http:\/\/www.incolmotos-yamaha.com.co\/site\/portals\/0\/Images\/Product%20ID\/beneficios.png"}],"twitter_card":"summary","twitter_misc":{"Tiempo estimado de lectura":"1 minuto"},"schema":{"@context":"https:\/\/schema.org","@graph":[{"@type":"Organization","@id":"http:\/\/caldasmotos.com\/#organization","name":"distrimotosyamaha","url":"http:\/\/caldasmotos.com\/","sameAs":[],"logo":{"@type":"ImageObject","@id":"http:\/\/caldasmotos.com\/#logo","inLanguage":"es-CO","url":"http:\/\/caldasmotos.com\/wp-content\/uploads\/2019\/10\/5-1.png","contentUrl":"http:\/\/caldasmotos.com\/wp-content\/uploads\/2019\/10\/5-1.png","width":1924,"height":398,"caption":"distrimotosyamaha"},"image":{"@id":"http:\/\/caldasmotos.com\/#logo"}},{"@type":"WebSite","@id":"http:\/\/caldasmotos.com\/#website","url":"http:\/\/caldasmotos.com\/","name":"CALDAS MOTOS","description":"Caldas motos, yamaha manizales, manizales yamaha, yamaha, caldas yamaha","publisher":{"@id":"http:\/\/caldasmotos.com\/#organization"},"potentialAction":[{"@type":"SearchAction","target":{"@type":"EntryPoint","urlTemplate":"http:\/\/caldasmotos.com\/?s={search_term_string}"},"query-input":"required name=search_term_string"}],"inLanguage":"es-CO"},{"@type":"ImageObject","@id":"https:\/\/caldasmotos.com\/index.php\/sz-rr\/#primaryimage","inLanguage":"es-CO","url":"http:\/\/www.incolmotos-yamaha.com.co\/site\/portals\/0\/Images\/Product%20ID\/beneficios.png","contentUrl":"http:\/\/www.incolmotos-yamaha.com.co\/site\/portals\/0\/Images\/Product%20ID\/beneficios.png"},{"@type":"WebPage","@id":"https:\/\/caldasmotos.com\/index.php\/sz-rr\/#webpage","url":"https:\/\/caldasmotos.com\/index.php\/sz-rr\/","name":"SZ-RR - CALDAS MOTOS","isPartOf":{"@id":"http:\/\/caldasmotos.com\/#website"},"primaryImageOfPage":{"@id":"https:\/\/caldasmotos.com\/index.php\/sz-rr\/#primaryimage"},"datePublished":"2016-12-06T14:47:37+00:00","dateModified":"2016-12-06T14:47:37+00:00","description":"Caldas motos, yamaha manizales, manizales yamaha, yamaha, caldas yamaha","breadcrumb":{"@id":"https:\/\/caldasmotos.com\/index.php\/sz-rr\/#breadcrumb"},"inLanguage":"es-CO","potentialAction":[{"@type":"ReadAction","target":["https:\/\/caldasmotos.com\/index.php\/sz-rr\/"]}]},{"@type":"BreadcrumbList","@id":"https:\/\/caldasmotos.com\/index.php\/sz-rr\/#breadcrumb","itemListElement":[{"@type":"ListItem","position":1,"name":"Home","item":"http:\/\/caldasmotos.com\/"},{"@type":"ListItem","position":2,"name":"SZ-RR"}]}]}},"_links":{"self":[{"href":"http:\/\/caldasmotos.com\/index.php\/wp-json\/wp\/v2\/pages\/74"}],"collection":[{"href":"http:\/\/caldasmotos.com\/index.php\/wp-json\/wp\/v2\/pages"}],"about":[{"href":"http:\/\/caldasmotos.com\/index.php\/wp-json\/wp\/v2\/types\/page"}],"author":[{"embeddable":true,"href":"http:\/\/caldasmotos.com\/index.php\/wp-json\/wp\/v2\/users\/1"}],"replies":[{"embeddable":true,"href":"http:\/\/caldasmotos.com\/index.php\/wp-json\/wp\/v2\/comments?post=74"}],"version-history":[{"count":1,"href":"http:\/\/caldasmotos.com\/index.php\/wp-json\/wp\/v2\/pages\/74\/revisions"}],"predecessor-version":[{"id":76,"href":"http:\/\/caldasmotos.com\/index.php\/wp-json\/wp\/v2\/pages\/74\/revisions\/76"}],"wp:attachment":[{"href":"http:\/\/caldasmotos.com\/index.php\/wp-json\/wp\/v2\/media?parent=74"}],"curies":[{"name":"wp","href":"https:\/\/api.w.org\/{rel}","templated":true}]}}