{"id":348,"date":"2017-03-16T19:40:10","date_gmt":"2017-03-16T19:40:10","guid":{"rendered":"http:\/\/simbiosystemas-001-site6.gtempurl.com\/?post_type=product&#038;p=348"},"modified":"2020-10-21T21:03:13","modified_gmt":"2020-10-21T21:03:13","slug":"grizzly350","status":"publish","type":"product","link":"http:\/\/caldasmotos.com\/index.php\/product\/grizzly350\/","title":{"rendered":"Grizzly350"},"content":{"rendered":"<h2>Especificaciones t\u00e9cnicas GRIZZLY 350<\/h2>\n<table class=\"tablaDetallesProducto\" border=\"0\" cellspacing=\"1\" cellpadding=\"0\">\n<tbody>\n<tr>\n<td>Tipo<\/td>\n<td>348 cc, 4 tiempos,refrigeraci\u00f3n aire\/aceite, SOHC<\/td>\n<\/tr>\n<tr>\n<td>Di\u00e1metro por carrera<\/td>\n<td>83.0mm x 64.5mm<\/td>\n<\/tr>\n<tr>\n<td>Relaci\u00f3n de comprensi\u00f3n<\/td>\n<td>9.2:1<\/td>\n<\/tr>\n<tr>\n<td>Suministro de combustible<\/td>\n<td>Mikuni\u00ae 33mm BSR<\/td>\n<\/tr>\n<tr>\n<td>Encendido<\/td>\n<td>DC-CDI<\/td>\n<\/tr>\n<tr>\n<td>Sistema de arranque<\/td>\n<td>El\u00e9ctrico con tracci\u00f3n auxiliar<\/td>\n<\/tr>\n<tr>\n<td>Transmisi\u00f3n<\/td>\n<td>Yamaha Ultramatic\u00ae correa V con freno motor en la rueda trasera F,N,R<\/td>\n<\/tr>\n<tr>\n<td>Conjunto de transmisi\u00f3n<\/td>\n<td>Eje de transmisi\u00f3n &#8211; 2WD;<\/td>\n<\/tr>\n<tr>\n<td>Tipo de transmisi\u00f3n<\/td>\n<td>Correa trapezoidal Ultramatic\u00ae con freno motor en las ruedas traseras y delanteras, On-Command\u00ae 2WD\/4WD, F\/N\/R)<\/td>\n<\/tr>\n<tr>\n<td>Chasis<\/td>\n<td><\/td>\n<\/tr>\n<tr>\n<td>Tipo de suspensi\u00f3n delantera<\/td>\n<td>Doble brazo oscilante independiente; ajuste de precarga de 5 posiciones, recorrido de 6,3<\/td>\n<\/tr>\n<tr>\n<td>Tipo de suspensi\u00f3n trasera<\/td>\n<td>Basculante; ajuste de precarga de 5 posiciones, recorrido de 7.1<\/td>\n<\/tr>\n<tr>\n<td>Frenos delanteros<\/td>\n<td>Discos hidr\u00e1ulicos duales<\/td>\n<\/tr>\n<tr>\n<td>Frenos traseros<\/td>\n<td>Tambor completamente sellado<\/td>\n<\/tr>\n<tr>\n<td>Neum\u00e1ticos delanteros<\/td>\n<td>AT25x8-12<\/td>\n<\/tr>\n<tr>\n<td>Neum\u00e1ticos traseros<\/td>\n<td>AT25x10-12<\/td>\n<\/tr>\n<tr>\n<td>Dimensiones<\/td>\n<td><\/td>\n<\/tr>\n<tr>\n<td>Longitud x anchura x altura<\/td>\n<td>1120 x 1084 x 1120 mm<\/td>\n<\/tr>\n<tr>\n<td>Altura del asiento<\/td>\n<td>828 mm<\/td>\n<\/tr>\n<tr>\n<td>Distancia entre ejes<\/td>\n<td>1,232 mm<\/td>\n<\/tr>\n<tr>\n<td>Radio de giro m\u00ednimo<\/td>\n<td>3 m<\/td>\n<\/tr>\n<tr>\n<td>Distancia del suelo<\/td>\n<td>25 cm<\/td>\n<\/tr>\n<tr>\n<td>Capacidad tanque de gasolina<\/td>\n<td>14,3 litros<\/td>\n<\/tr>\n<tr>\n<td>Peso con tanque lleno<\/td>\n<td>244 kg<\/td>\n<\/tr>\n<tr>\n<td>Capacidad del rack<\/td>\n<td>40 kg Fr \/ 80 kg Rr<\/td>\n<\/tr>\n<tr>\n<td>Capacidad de remolque<\/td>\n<td>500 kg<\/td>\n<\/tr>\n<tr>\n<td>Otros<\/td>\n<td><\/td>\n<\/tr>\n<tr>\n<td>Luces<\/td>\n<td>Farolas multireflectoras Krypton Dual 30W y luces de freno 21W\/5W<\/td>\n<\/tr>\n<\/tbody>\n<\/table>\n","protected":false},"excerpt":{"rendered":"<h1 style=\"text-align: center;\">GRIZZLY 350<\/h1>\n<p>La Grizzly 350 es una m\u00e1quina imponente de 4 tiempos, 348cc y 4&#215;2 con una potencia \u00fanica para terrenos complejos. Su capacidad para transportar hasta 120 kg de carga y su paquete de suspensi\u00f3n delantera y trasera y la transmisi\u00f3n Yamaha Ultramatic la convierten en la cuatrimoto ideal para el campo, ya sea para el trabajo pesado o para la diversi\u00f3n en terrenos desafiantes. Robusta, fuerte y f\u00e1cil de maniobrar, as\u00ed es la Grizzly 350, la cuatrimoto con m\u00e1s estilo del campo<\/p>\n","protected":false},"featured_media":349,"comment_status":"open","ping_status":"closed","template":"","meta":{"_monsterinsights_skip_tracking":false,"_monsterinsights_sitenote_active":false,"_monsterinsights_sitenote_note":"","_monsterinsights_sitenote_category":0},"product_cat":[22],"product_tag":[],"aioseo_notices":[],"yoast_head":"<!-- This site is optimized with the Yoast SEO plugin v18.4.1 - https:\/\/yoast.com\/wordpress\/plugins\/seo\/ -->\r\n<title>Grizzly350 - CALDAS MOTOS<\/title>\r\n<meta name=\"description\" content=\"Caldas motos, yamaha manizales, manizales yamaha, yamaha, caldas yamaha\" \/>\r\n<meta name=\"robots\" content=\"index, follow, max-snippet:-1, max-image-preview:large, max-video-preview:-1\" \/>\r\n<link rel=\"canonical\" href=\"http:\/\/caldasmotos.com\/index.php\/product\/grizzly350\/\" \/>\r\n<meta property=\"og:locale\" content=\"es_ES\" \/>\r\n<meta property=\"og:type\" content=\"article\" \/>\r\n<meta property=\"og:title\" content=\"Grizzly350 - CALDAS MOTOS\" \/>\r\n<meta property=\"og:description\" content=\"Caldas motos, yamaha manizales, manizales yamaha, yamaha, caldas yamaha\" \/>\r\n<meta property=\"og:url\" content=\"http:\/\/caldasmotos.com\/index.php\/product\/grizzly350\/\" \/>\r\n<meta property=\"og:site_name\" content=\"CALDAS MOTOS\" \/>\r\n<meta property=\"article:modified_time\" content=\"2020-10-21T21:03:13+00:00\" \/>\r\n<meta property=\"og:image\" content=\"http:\/\/caldasmotos.com\/wp-content\/uploads\/2017\/03\/grizzly350-01.png\" \/>\r\n\t<meta property=\"og:image:width\" content=\"494\" \/>\r\n\t<meta property=\"og:image:height\" content=\"438\" \/>\r\n\t<meta property=\"og:image:type\" content=\"image\/png\" \/>\r\n<meta name=\"twitter:card\" content=\"summary\" \/>\r\n<meta name=\"twitter:label1\" content=\"Tiempo estimado de lectura\" \/>\n\t<meta name=\"twitter:data1\" content=\"1 minuto\" \/>\r\n<script type=\"application\/ld+json\" class=\"yoast-schema-graph\">{\"@context\":\"https:\/\/schema.org\",\"@graph\":[{\"@type\":\"Organization\",\"@id\":\"https:\/\/caldasmotos.com\/#organization\",\"name\":\"distrimotosyamaha\",\"url\":\"https:\/\/caldasmotos.com\/\",\"sameAs\":[],\"logo\":{\"@type\":\"ImageObject\",\"@id\":\"https:\/\/caldasmotos.com\/#logo\",\"inLanguage\":\"es-CO\",\"url\":\"http:\/\/caldasmotos.com\/wp-content\/uploads\/2019\/10\/5-1.png\",\"contentUrl\":\"http:\/\/caldasmotos.com\/wp-content\/uploads\/2019\/10\/5-1.png\",\"width\":1924,\"height\":398,\"caption\":\"distrimotosyamaha\"},\"image\":{\"@id\":\"https:\/\/caldasmotos.com\/#logo\"}},{\"@type\":\"WebSite\",\"@id\":\"https:\/\/caldasmotos.com\/#website\",\"url\":\"https:\/\/caldasmotos.com\/\",\"name\":\"CALDAS MOTOS\",\"description\":\"Caldas motos, yamaha manizales, manizales yamaha, yamaha, caldas yamaha\",\"publisher\":{\"@id\":\"https:\/\/caldasmotos.com\/#organization\"},\"potentialAction\":[{\"@type\":\"SearchAction\",\"target\":{\"@type\":\"EntryPoint\",\"urlTemplate\":\"https:\/\/caldasmotos.com\/?s={search_term_string}\"},\"query-input\":\"required name=search_term_string\"}],\"inLanguage\":\"es-CO\"},{\"@type\":\"ImageObject\",\"@id\":\"http:\/\/caldasmotos.com\/index.php\/product\/grizzly350\/#primaryimage\",\"inLanguage\":\"es-CO\",\"url\":\"http:\/\/caldasmotos.com\/wp-content\/uploads\/2017\/03\/grizzly350-01.png\",\"contentUrl\":\"http:\/\/caldasmotos.com\/wp-content\/uploads\/2017\/03\/grizzly350-01.png\",\"width\":494,\"height\":438},{\"@type\":\"WebPage\",\"@id\":\"http:\/\/caldasmotos.com\/index.php\/product\/grizzly350\/#webpage\",\"url\":\"http:\/\/caldasmotos.com\/index.php\/product\/grizzly350\/\",\"name\":\"Grizzly350 - CALDAS MOTOS\",\"isPartOf\":{\"@id\":\"https:\/\/caldasmotos.com\/#website\"},\"primaryImageOfPage\":{\"@id\":\"http:\/\/caldasmotos.com\/index.php\/product\/grizzly350\/#primaryimage\"},\"datePublished\":\"2017-03-16T19:40:10+00:00\",\"dateModified\":\"2020-10-21T21:03:13+00:00\",\"description\":\"Caldas motos, yamaha manizales, manizales yamaha, yamaha, caldas yamaha\",\"breadcrumb\":{\"@id\":\"http:\/\/caldasmotos.com\/index.php\/product\/grizzly350\/#breadcrumb\"},\"inLanguage\":\"es-CO\",\"potentialAction\":[{\"@type\":\"ReadAction\",\"target\":[\"http:\/\/caldasmotos.com\/index.php\/product\/grizzly350\/\"]}]},{\"@type\":\"BreadcrumbList\",\"@id\":\"http:\/\/caldasmotos.com\/index.php\/product\/grizzly350\/#breadcrumb\",\"itemListElement\":[{\"@type\":\"ListItem\",\"position\":1,\"name\":\"Home\",\"item\":\"https:\/\/caldasmotos.com\/\"},{\"@type\":\"ListItem\",\"position\":2,\"name\":\"Shop\",\"item\":\"https:\/\/caldasmotos.com\/index.php\/shop\/\"},{\"@type\":\"ListItem\",\"position\":3,\"name\":\"Grizzly350\"}]}]}<\/script>\r\n<!-- \/ Yoast SEO plugin. -->","yoast_head_json":{"title":"Grizzly350 - CALDAS MOTOS","description":"Caldas motos, yamaha manizales, manizales yamaha, yamaha, caldas yamaha","robots":{"index":"index","follow":"follow","max-snippet":"max-snippet:-1","max-image-preview":"max-image-preview:large","max-video-preview":"max-video-preview:-1"},"canonical":"http:\/\/caldasmotos.com\/index.php\/product\/grizzly350\/","og_locale":"es_ES","og_type":"article","og_title":"Grizzly350 - CALDAS MOTOS","og_description":"Caldas motos, yamaha manizales, manizales yamaha, yamaha, caldas yamaha","og_url":"http:\/\/caldasmotos.com\/index.php\/product\/grizzly350\/","og_site_name":"CALDAS MOTOS","article_modified_time":"2020-10-21T21:03:13+00:00","og_image":[{"width":494,"height":438,"url":"http:\/\/caldasmotos.com\/wp-content\/uploads\/2017\/03\/grizzly350-01.png","type":"image\/png"}],"twitter_card":"summary","twitter_misc":{"Tiempo estimado de lectura":"1 minuto"},"schema":{"@context":"https:\/\/schema.org","@graph":[{"@type":"Organization","@id":"https:\/\/caldasmotos.com\/#organization","name":"distrimotosyamaha","url":"https:\/\/caldasmotos.com\/","sameAs":[],"logo":{"@type":"ImageObject","@id":"https:\/\/caldasmotos.com\/#logo","inLanguage":"es-CO","url":"http:\/\/caldasmotos.com\/wp-content\/uploads\/2019\/10\/5-1.png","contentUrl":"http:\/\/caldasmotos.com\/wp-content\/uploads\/2019\/10\/5-1.png","width":1924,"height":398,"caption":"distrimotosyamaha"},"image":{"@id":"https:\/\/caldasmotos.com\/#logo"}},{"@type":"WebSite","@id":"https:\/\/caldasmotos.com\/#website","url":"https:\/\/caldasmotos.com\/","name":"CALDAS MOTOS","description":"Caldas motos, yamaha manizales, manizales yamaha, yamaha, caldas yamaha","publisher":{"@id":"https:\/\/caldasmotos.com\/#organization"},"potentialAction":[{"@type":"SearchAction","target":{"@type":"EntryPoint","urlTemplate":"https:\/\/caldasmotos.com\/?s={search_term_string}"},"query-input":"required name=search_term_string"}],"inLanguage":"es-CO"},{"@type":"ImageObject","@id":"http:\/\/caldasmotos.com\/index.php\/product\/grizzly350\/#primaryimage","inLanguage":"es-CO","url":"http:\/\/caldasmotos.com\/wp-content\/uploads\/2017\/03\/grizzly350-01.png","contentUrl":"http:\/\/caldasmotos.com\/wp-content\/uploads\/2017\/03\/grizzly350-01.png","width":494,"height":438},{"@type":"WebPage","@id":"http:\/\/caldasmotos.com\/index.php\/product\/grizzly350\/#webpage","url":"http:\/\/caldasmotos.com\/index.php\/product\/grizzly350\/","name":"Grizzly350 - CALDAS MOTOS","isPartOf":{"@id":"https:\/\/caldasmotos.com\/#website"},"primaryImageOfPage":{"@id":"http:\/\/caldasmotos.com\/index.php\/product\/grizzly350\/#primaryimage"},"datePublished":"2017-03-16T19:40:10+00:00","dateModified":"2020-10-21T21:03:13+00:00","description":"Caldas motos, yamaha manizales, manizales yamaha, yamaha, caldas yamaha","breadcrumb":{"@id":"http:\/\/caldasmotos.com\/index.php\/product\/grizzly350\/#breadcrumb"},"inLanguage":"es-CO","potentialAction":[{"@type":"ReadAction","target":["http:\/\/caldasmotos.com\/index.php\/product\/grizzly350\/"]}]},{"@type":"BreadcrumbList","@id":"http:\/\/caldasmotos.com\/index.php\/product\/grizzly350\/#breadcrumb","itemListElement":[{"@type":"ListItem","position":1,"name":"Home","item":"https:\/\/caldasmotos.com\/"},{"@type":"ListItem","position":2,"name":"Shop","item":"https:\/\/caldasmotos.com\/index.php\/shop\/"},{"@type":"ListItem","position":3,"name":"Grizzly350"}]}]}},"_links":{"self":[{"href":"http:\/\/caldasmotos.com\/index.php\/wp-json\/wp\/v2\/product\/348"}],"collection":[{"href":"http:\/\/caldasmotos.com\/index.php\/wp-json\/wp\/v2\/product"}],"about":[{"href":"http:\/\/caldasmotos.com\/index.php\/wp-json\/wp\/v2\/types\/product"}],"replies":[{"embeddable":true,"href":"http:\/\/caldasmotos.com\/index.php\/wp-json\/wp\/v2\/comments?post=348"}],"wp:featuredmedia":[{"embeddable":true,"href":"http:\/\/caldasmotos.com\/index.php\/wp-json\/wp\/v2\/media\/349"}],"wp:attachment":[{"href":"http:\/\/caldasmotos.com\/index.php\/wp-json\/wp\/v2\/media?parent=348"}],"wp:term":[{"taxonomy":"product_cat","embeddable":true,"href":"http:\/\/caldasmotos.com\/index.php\/wp-json\/wp\/v2\/product_cat?post=348"},{"taxonomy":"product_tag","embeddable":true,"href":"http:\/\/caldasmotos.com\/index.php\/wp-json\/wp\/v2\/product_tag?post=348"}],"curies":[{"name":"wp","href":"https:\/\/api.w.org\/{rel}","templated":true}]}}